, 2204507
List the prime factors of 376648699.
7, 53806957
List the prime factors of 25742240.
2, 5, 349, 461
List the prime factors of 6952029.
3, 7, 31, 59, 181
List the prime factors of 2360381564.
2, 590095391
List the prime factors of 963115645.
5, 73, 2638673
What are the prime factors of 45360855?
3, 5, 577, 1747
List the prime factors of 12097417.
1831, 6607
List the prime factors of 259479109.
17, 59, 258703
List the prime factors of 921189929.
11, 83744539
List the prime factors of 29552633.
11, 2686603
List the prime factors of 812527668.
2, 3, 41, 73, 7541
What are the prime factors of 1448317882?
2, 11, 6803, 9677
What are the prime factors of 57393612?
2, 3, 1594267
List the prime factors of 63731775.
3, 5, 127, 6691
List the prime factors of 515558163.
3, 171852721
What are the prime factors of 5356270465?
5, 7, 13, 163, 72221
List the prime factors of 495525925.
5, 283, 70039
What are the prime factors of 102741719?
31, 53, 62533
List the prime factors of 1394133670.
2, 5, 139413367
List the prime factors of 51340527.
3, 7, 17, 19, 29
What are the prime factors of 1734034544?
2, 11, 17, 19, 47, 59
List the prime factors of 15197846.
2, 181, 41983
What are the prime factors of 14647513?
71, 206303
List the prime factors of 1791022119.
3, 4517, 132169
List the prime factors of 1422413665.
5, 8467, 33599
List the prime factors of 333163264.
2, 7, 185917
List the prime factors of 77051013.
3, 13, 41, 48187
List the prime factors of 4665877781.
1913, 2439037
What are the prime factors of 84282444?
2, 3, 59, 4409
List the prime factors of 1021075341.
3, 11, 13, 2380129
What are the prime factors of 122165499?
3, 643, 63331
What are the prime factors of 117955580?
2, 5, 1913, 3083
List the prime factors of 32672501.
32672501
What are the prime factors of 118527257?
23, 5153359
List the prime factors of 907993730.
2, 5, 7, 12971339
What are the prime factors of 164429272?
2, 7, 2936237
What are the prime factors of 527137526?
2, 73, 3610531
List the prime factors of 4879026034.
2, 2439513017
List the prime factors of 330834835.
5, 4523, 14629
What are the prime factors of 1446414728?
2, 11, 41, 503, 797
What are the prime factors of 263861356?
2, 11, 37, 61, 2657
List the prime factors of 1274567299.
17, 74974547
List the prime factors of 1609563519.
3, 17, 53, 198491
List the prime factors of 1615790683.
13, 124291591
What are the prime factors of 92080377?
3, 10231153
What are the prime factors of 222851321?
7, 11, 71, 40763
List the prime factors of 49070541.
3, 13, 1258219
What are the prime factors of 1324234174?
2, 662117087
What are the prime factors of 29446582?
2, 11, 1338481
List the prime factors of 364210004.
2, 91052501
What are the prime factors of 133966058?
2, 3449, 19421
What are the prime factors of 1148812887?
3, 67, 5715487
What are the prime factors of 3138941219?
43, 72998633
What are the prime factors of 676541993?
431, 1569703
What are the prime factors of 84275446?
2, 42137723
What are the prime factors of 36135764?
2, 7, 1290563
What are the prime factors of 2216290902?
2, 3, 7, 23, 443, 5179
What are the prime factors of 60369875?
5, 313, 1543
List the prime factors of 1726930222.
2, 29, 2053, 14503
List the prime factors of 1143693343.
13, 17, 89, 58147
What are the prime factors of 42245377?
271, 155887
What are the prime factors of 3171215466?
2, 3, 176178637
What are the prime factors of 49664180?
2, 5, 53, 46853
List the prime factors of 2338955156.
2, 173, 641, 5273
What are the prime factors of 17631365?
5, 3526273
What are the prime factors of 243356193?
3, 27039577
What are the prime factors of 222973666?
2, 17, 61, 107509
What are the prime factors of 3729984588?
2, 3, 11, 2339, 4027
What are the prime factors of 3437004342?
2, 3, 17, 33696121
What are the prime factors of 1287056341?
5039, 255419
What are the prime factors of 5824614284?
2, 59, 241, 102409
List the prime factors of 253507296.
2, 3, 7, 311, 1213
What are the prime factors of 419737911?
3, 19, 7363823
List the prime factors of 48287302.
2, 7, 67, 51479
What are the prime factors of 379250?
2, 5, 37, 41
What are the prime factors of 652452326?
2, 59, 193, 28649
List the prime factors of 94171954.
2, 337, 139721
What are the prime factors of 57877302?
2, 3, 7, 1378031
What are the prime factors of 1378089524?
2, 7, 2521, 2789
What are the prime factors of 671038087?
23, 79, 16057
List the prime factors of 605734424.
2, 953, 79451
List the prime factors of 593715156.
2, 3, 49476263
What are the prime factors of 580055171?
580055171
What are the prime factors of 83376917?
13, 6413609
What are the prime factors of 128305707?
3, 23, 59, 31517
List the prime factors of 72869482.
2, 7, 281, 18523
List the prime factors of 503914098.
2, 3, 307, 273569
What are the prime factors of 21074388?
2, 3, 1756199
List the prime factors of 280636767.
3, 31181863
What are the prime factors of 407518590?
2, 3, 5, 53, 256301
List the prime factors of 5231905283.
11, 29, 2633, 6229
What are the prime factors of 13433355?
3, 5, 13, 22963
What are the prime factors of 830621618?
2, 53, 277, 28289
List the prime factors of 5457480949.
73, 74760013
List the prime factors of 28980230.
2, 5, 23, 126001
What are the prime factors of 76558778?
2, 31, 1234819
What are the prime factors of 57771717?
3, 2029, 9491
List the prime factors of 35404704.
2, 3, 269, 457
What are the prime factors of 59095660?
2, 5, 13, 37, 6143
What are the prime factors of 18492527?
743, 24889
List the prime factors of 169105143.
3, 3121, 18061
What are the prime factors of 137908387?
47, 1283, 2287
What are the prime factors of 743636275?
5, 509, 58439
List the prime factors of 27404083.
7, 71, 7877
List the prime factors of 1455383765.
5, 11, 23, 41, 2551
What are the prime factors of 72386398?
2, 7, 67, 77171
List the prime factors of 66422610.
2, 3, 5, 738029
What are the prime factors of 4502236431?
3, 7, 11, 19490201
List the prime factors of 1126237384.
2, 761, 184993
List the prime factors of 776096164.
2, 37, 43, 121951
List the prime factors of 24686093.
113, 218461
List the prime factors of 273751921.
273751921
What are the prime factors of 634695027?
3, 3271, 64679
List the prime factors of 264900891.
3, 83, 479, 2221
List the prime factors of 695424741.
3, 11, 137, 193, 797
List the prime factors of 441208232.
2, 911, 60539
What are the prime factors of 5898214262?
2, 3019, 976849
List the prime factors of 2172986155.
5, 17, 293, 87251
List the prime factors of 5693176.
2, 547, 1301
What are the prime factors of 175974969?
3, 587, 99929
What are the prime factors of 1722980192?
2, 17, 19, 89, 1873
List the prime factors of 144782360.
2, 5, 73, 179, 277
What are the prime factors of 606651697?
43, 761, 18539
List the prime factors of 5096255139.
3, 113, 547, 9161
What are the prime factors of 27454029?
3, 139, 65837
List the prime factors of 17536309.
7, 2505187
List the prime factors of 11971121.
19, 33161
What are the prime factors of 1242562300?
2, 5, 7, 17, 104417
List the prime factors of 148638914.
2, 2927, 25391
List the prime factors of 294757078.
2, 7, 11, 1914007
What are the prime factors of 354957753?
3, 19, 6227329
List the prime factors of 528015963.
3, 29, 31, 43, 157
What are the prime factors of 675634566?
2, 3, 19, 53, 67, 1669
What are the prime factors of 135602292?
2, 3, 7, 131, 12323
List the prime factors of 100504479.
3, 33501493
What are the prime factors of 905261036?
2, 97, 2333147
List the prime factors of 101453858.
2, 11, 17, 61, 4447
List the prime factors of 5683971242.
2, 149, 1879, 10151
What are the prime factors of 162680865?
3, 5, 29, 47, 73, 109
List the prime factors of 577019791.
23, 25087817
What are the prime factors of 362714017?
773, 469229
List the prime factors of 32992803.
3, 409, 8963
List the prime factors of 809777596.
2, 59, 3431261
What are the prime factors of 8048212?
2, 257, 7829
What are the prime factors of 847816552?
2, 11, 43, 61, 3673
What are the prime factors of 104749593?
3, 13, 2685887
List the prime factors of 135246328.
2, 7, 109, 22157
What are the prime factors of 2455898?
2, 1227949
What are the prime factors of 173262542?
2, 23, 3766577
List the prime factors of 1134289016.
2, 7, 20255161
What are the p